mposite?
True
Suppose -107537 = -3*o - 4*t - 14490, 4*o + 5*t - 124062 = 0. Is o composite?
False
Let g(n) = 2*n**2 + 56*n - 150. Let t be g(-40). Suppose -2*a + t = -452. Is a a composite number?
False
Suppose 16772 - 85288 = -14*v. Is v a composite number?
True
Let z(p) = p**3 - 36*p**2 + 29*p + 96. Let w be z(35). Let r = w - -172. Is r composite?
True
Let k(y) = 11*y + 5 - 30 + 15 + 29*y. Let x be k(8). Suppose -1155 = -5*z + x. Is z a composite number?
False
Let n(a) = 88*a**2 + 39*a + 114. Is n(13) a prime number?
True
Let c = -4249 + 17299. Suppose -4*u - c + 31934 = 0. Is u composite?
False
Let y = 14420 + -14416. Let h(z) = -140*z**3 - 4*z - 3. Let a be h(-4). Suppose 0 = -p + y*p - a. Is p prime?
False
Let a(q) be the second derivative of 5*q + 11/3*q**3 + 1/4*q**4 + 27/2*q**2 + 0. Is a(-14) composite?
False
Let o(s) be the second derivative of 7*s**4/12 + s**3/6 + 9*s**2/2 - 16*s. Let t be 100/(-7) - 2/(-7). Is o(t) a prime number?
True
Suppose -4*d - 16 = 0, -5*d + 32 = j - 0*d. Suppose 7*x + 53 = 3*w + 2*x, 0 = -4*w + 2*x + j. Suppose 16*b - 530 = w*b. Is b composite?
True
Let q be (-8)/(-6) - (-2603)/57. Suppose 140073 + 103904 = q*k. Is k composite?
True
Is -13 + 10 + 5 + (-377633 - 2)/(-5) a prime number?
False
Let i be 4 + (4 + -2)/(-1) - 4. Is (-28)/21 + (i - (-1249)/3) a composite number?
True
Let c be (0 - 5) + 7 + (-1 - -1). Suppose -3121 = c*j - 16479. Is j a prime number?
True
Let y(w) be the third derivative of -65*w**4/8 + 37*w**3/3 + 6*w**2 + 14*w. Is y(-17) composite?
False
Let o be 1298/(-5) - 44/110. Let q = -37 - o. Is q composite?
False
Let o be (-14 + 17568/40)/(1/5). Suppose -2*a - 14985 = -7*a. Let r = a - o. Is r a prime number?
False
Let s(h) be the third derivative of -10*h**4 - h**3/6 - 3*h**2. Let z = -88 + 84. Is s(z) prime?
False
Let i(q) = -q**3 - 5*q**2 + 13*q - 3. Let k be i(-7). Is (-12507)/(-44)*k/3 composite?
False
Let h = -121478 + 197391. Is h a composite number?
False
Let j = 30379 + -9672. Is j a composite number?
False
Let h(b) = 19*b + 147. Let f(o) = -4*o - 29. Let j(r) = 11*f(r) + 2*h(r). Let k be j(-6). Suppose -52913 = k*x - 18*x. Is x a prime number?
True
Let w = 36 - 32. Suppose -5*j + 8 = -7, -r + 1 = -w*j. Is r/39 + (-2)/6 + 879 a prime number?
False
Suppose 16*i - 114*i + 4188426 + 2506052 = 0. Is i prime?
True
Suppose 0 = -10111*h + 10088*h + 3765767. Is h composite?
False
Let w(h) = h - 2. Let o(r) = -9061*r + 13. Let s(n) = o(n) - 2*w(n). Is s(-2) composite?
False
Suppose -3*j = j - 2*z - 3036, 2*z = 0. Suppose 0 = 2*u + 9 - 19. Suppose 2*n = u*n - j. Is n a prime number?
False
Let n(d) = -5195*d**3 - 2*d**2 - 9*d + 31. Is n(-7) a prime number?
True
Let r = 91 + -100. Let p(d) = -d + 3. Let v be p(r). Suppose -11*w = -v*w + 613. Is w a prime number?
True
Suppose 4*f = -4*f - 16. Is -1 + -2 + f - -1928 a prime number?
False
Let j(r) = 102*r**2 - 2*r - 30. Let z be j(-9). Suppose 0 = 2*h + 5*b - z, 3*h + b = -0*b + 12349. Is h composite?
True
Suppose 2*a = -3*g + 5 + 9, 4*g = -2*a + 16. Suppose a*b - 1 = -5*f + 1966, 4*b + 3*f = 1969. Is b a prime number?
False
Let g(y) = -y**3 + 1. Let o be g(1). Let w(m) = -m + 1. Let j(h) = -3*h - 3593. Let d(q) = -j(q) + 2*w(q). Is d(o) composite?
True
Let o(j) = 57*j**3 + 19 - 102*j**3 + 5*j**2 + 50*j**3 + 12*j. Is o(12) composite?
True
Suppose -113*r = -106*r - 279013. Is r a composite number?
True
Let m = -18552 - -95631. Is m a prime number?
False
Let n(b) = 8*b**2 + 3*b + 17. Suppose o + 4 = 4*c, -o - 5*c + 36 - 13 = 0. Is n(o) prime?
False
Let w(x) = 226*x**3 + 4*x**2 - 8*x + 12. Let b be w(3). Let l = b + 1285. Is l composite?
False
Suppose -2*i - 43279 = -n - 10068, 166055 = 5*n - 2*i. Is n a prime number?
True
Let c = 220 + -179. Suppose c*q + 34052 = 45*q. Is q a composite number?
False
Suppose 0 = j - 0*j - 3*r, -8 = -j - 5*r. Suppose 3*c = -j*c + 60366. Is c a prime number?
True
Let a be (2 - -2)*(-21)/(-14). Suppose -4*d + a*n + 23443 = 11*n, 29273 = 5*d - 4*n. Is d a composite number?
False
Suppose 7*t - 2182 = 296. Suppose -t - 868 = -2*g. Suppose f - 5*y = g, 2*f - 5*y + 677 - 1919 = 0. Is f prime?
True
Let z = 56 - 76. Is z/3*(-112506)/136 a prime number?
False
Let u(t) = 429*t**2 - 18*t + 262. Is u(5) prime?
False
Let v = -125 + 129. Suppose v*n - 22329 + 697 = 0. Suppose 10*b + 558 - n = 0. Is b composite?
True
Let i = -100752 - -150536. Suppose i + 3150 = 7*w. Suppose 5*f - w = -707. Is f a composite number?
True
Is (-301)/2709*(-1044080 - 1) composite?
False
Suppose 5*z - 404463 = -r, 493*z - 496*z = 4*r - 242671. Is z composite?
True
Let u = 5791 - -4746. Is u prime?
False
Let n(c) = 304*c**2 + 75*c - 3. Is n(-4) prime?
True
Let n be (-1)/(-4) - (-151080)/(-32). Let j = 7464 + n. Is j prime?
False
Suppose 14*o - 10*o = 20. Suppose -o*f - 5*c + 4863 = -3*f, -4*f + 9761 = 3*c. Is (-5 - f/(-6))*3 prime?
False
Let x(w) = -274*w**2 - 6*w - 9. Let t(a) = -277*a**2 - 5*a - 10. Let n(f) = 2*t(f) - 3*x(f). Is n(4) prime?
True
Let c be 268 + 5/((-40)/32). Let w = -86 + c. Is w a prime number?
False
Suppose 0 = -q + 1 - 0. Let i = 5402 + -5399. Is (i - 2)*q*(-487)/(-1) a prime number?
True
Let v(q) = 1730*q**2 + 4*q + 9. Is v(-4) a prime number?
True
Let y(n) = 5*n**3 + 47*n**2 - 115*n - 30. Is y(29) a prime number?
False
Suppose 4*a = -n + 1508 + 858, 5*n - 11761 = 3*a. Suppose 12*f - 10*f + 2703 = -3*q, -4*f - 3*q = 5421. Let c = n + f. Is c composite?
True
Suppose 5*x - 485 = 2*t, 485 = 5*x - 4*t + 9*t. Suppose 5*a = x + 1018. Is a composite?
False
Let b be (-67705)/40 + (-3)/8. Is (b/6)/(5/(-30)) prime?
True
Let c(s) = -4896*s**3 - 9*s**2 - 2*s - 3. Let k = 586 + -588. Is c(k) prime?
True
Let m = 33 - 30. Suppose 2*f - m = 7. Suppose f*a - 2*a + 5*w - 1523 = 0, 2*w = 3*a - 1537. Is a composite?
True
Is (-9)/6*11228456*16/(-192) prime?
True
Let k(y) = 2*y**3 - 16*y**2 - 5*y - 28. Let j be k(9). Suppose -j - 1577 = 14*g. Let m = g + 390. Is m prime?
True
Let c = -284169 + 758866. Is c a composite number?
True
Let n(a) be the second derivative of -97*a**3/6 - 72*a**2 + 16*a - 1. Is n(-5) prime?
False
Let d be 2*-1 - (52/(-4) + 1). Let v be (36/(-45))/(1/(-1*d)). Let t(r) = 4*r**3 + 2*r**2 - 12*r + 1. Is t(v) prime?
True
Let h(t) = 22521*t + 6635. Is h(6) composite?
False
Suppose 1506 = -0*z - z. Let t = z - -4577. Suppose 3374 = 4*o - 3*m + 915, 5*o = m + t. Is o a prime number?
False
Let d(j) be the second derivative of -14*j + 100/3*j**3 + 0 + 37/2*j**2. Is d(9) a composite number?
True
Let j = 290961 + -173284. Is j prime?
False
Suppose -4*c - 3*r = -17, -5*r = c - 2*c - 13. Suppose -13*l + 9*l - 2*o = -20754, 0 = c*o + 10. Is l composite?
True
Is (-1254771)/(-13) - (6/52)/((-12)/16) a composite number?
True
Let z(r) = 72*r - 19. Let x be ((-1)/1 - -4)*(15 + -14). Let t be z(x). Is (t/(-2))/(((-92)/(-24))/(-23)) a prime number?
False
Let o(y) = 104*y**2 + 70*y + 2515. Is o(-27) composite?
False
Let q(d) = 20*d**2 + 4*d + 1. Let s = -96 + 94. Let l be 2 + (5 - (4 + s)). Is q(l) a prime number?
True
Suppose -9*r + 17936 - 4994 = 0. Suppose 2*c - 481 = -p, 3*p + c = -0*p + r. Suppose -j = -5*v - 392, 4*j - 1032 = v + p. Is j a prime number?
False
Let b be ((-5)/30 - (-87)/90)*455. Suppose p - 1287 = b. Is p prime?
False
Is 586977/12*(9 - (-5 + 10)) composite?
False
Let i(f) = -455*f**3 - 20*f**2 + 11*f + 5. Is i(-6) prime?
True
Let u(p) = -p**3 - 18*p**2 - 3. Let k be u(-18). Let x be 2/(455/(-155) - k). Suppose x - 117 = -2*d. Is d a prime number?
True
Let u be 3/(-2) + ((-141981)/(-6))/7. Let q = -1605 + u. Is q prime?
False
Let m = 45 - 44. Let p(g) = -2570*g**2 - g + 1. Let z be p(m). Let v = z + 4623. Is v a prime number?
True
Suppose 16*j = -12*j + 26*j. Suppose j = 35*f - 9508 - 9847. Is f composite?
True
Let x(t) = -13839*t - 2794. Is x(-17) a composite number?
True
Is (-10)/8*4 - -1956094 prime?
True
Let f = -713 - -701. Is 357985/21 - f/126 composite?
False
Let b(u) = -2872*u - 1047. Is b(-25) prime?
True
Let w(o) = -10*o + 144. Let l be w(14). Let g(d) = 41*d + 1. Let h be g(-1). Is (h/100)/(l/(-3070)) composite?
False
Suppose 4*q - v + 3*v - 6 = 0, -2*v + 2 = 3*q. Suppose q*o - o = -30. Let i(d) = -92*d - 1. Is i(o) composite?
False
Let n(h) = -h**3 + 14*h**2 + 6*h - 8. Let r be n(-8). Suppose -3073 = -5*p + r. Supp